9
421
What is -23e8 (base 15) in base 3?
-101111002
2487 (base 9) to base 16
745
Convert 1010 (base 4) to base 13.
53
What is 2222 (base 7) in base 5?
11200
What is 43123 (base 5) in base 3?
10222220
-145553 (base 6) to base 15
-4353
162a (base 15) to base 9
6474
1432342 (base 5) to base 7
154322
Convert -2053 (base 8) to base 3.
-1110112
Convert -1002110 (base 4) to base 12.
-2558
Convert 14536 (base 8) to base 2.
1100101011110
-59c (base 14) to base 5
-13433
1347 (base 10) to base 12
943
What is b9ad (base 16) in base 8?
134655
What is -211022 (base 3) in base 5?
-4402
40 (base 5) to base 10
20
Convert bef (base 16) to base 5.
44210
What is 9259 (base 15) in base 4?
13202331
What is -31341 (base 5) in base 6?
-13412
-4321 (base 6) to base 7
-2605
What is 3133 (base 6) in base 9?
863
What is 1216 (base 12) in base 6?
13230
What is 100124 (base 7) in base 3?
212010222
Convert 553 (base 10) to base 15.
26d
Convert 103134 (base 5) to base 8.
6730
What is -b45 (base 16) in base 13?
-140c
242240 (base 6) to base 11
14a81
What is 331513 (base 6) in base 2?
110101111100101
-1301321 (base 4) to base 5
-213124
Convert -1616 (base 9) to base 11.
-a19
2a75 (base 11) to base 8
7562
Convert -20a59 (base 12) to base 3.
-2011221220
-8b8 (base 12) to base 14
-684
Convert 12059 (base 11) to base 9.
25736
Convert 11211 (base 4) to base 12.
259
-32c (base 15) to base 9
-876
-851 (base 13) to base 6
-10322
What is -140033 (base 5) in base 15?
-1a13
What is -714 (base 10) in base 11?
-59a
What is -661 (base 8) in base 16?
-1b1
What is 4959 (base 11) in base 8?
14515
-236 (base 15) to base 11
-416
Convert 114404 (base 5) to base 12.
262a
Convert -34732 (base 11) to base 12.
-25015
What is 18b8b (base 12) in base 8?
106633
121311 (base 4) to base 13
9a2
Convert 131124 (base 5) to base 13.
2473
Convert -21065 (base 8) to base 9.
-13010
Convert -33665 (base 9) to base 15.
-6995
What is 7164 (base 8) in base 10?
3700
Convert 23135 (base 13) to base 10.
63926
Convert 11000001100011 (base 2) to base 12.
7203
Convert 441 (base 14) to base 12.
5a1
What is -2680 (base 10) in base 15?
-bda
-30122 (base 4) to base 14
-40a
-1b7 (base 14) to base 10
-357
-641 (base 7) to base 11
-274
What is c800 (base 13) in base 7?
143543
Convert 3504 (base 10) to base 12.
2040
Convert -70 (base 12) to base 16.
-54
What is -11304 (base 5) in base 12?
-591
What is -451211 (base 6) in base 5?
-2203004
250414 (base 6) to base 3
1010102201
-2639 (base 14) to base 13
-3097
Convert 7475 (base 8) to base 3.
12100111
What is -151 (base 12) in base 4?
-3031
Convert 5944 (base 13) to base 15.
3ac7
What is 56790 (base 10) in base 13?
1cb06
-101100111 (base 2) to base 15
-18e
Convert -613 (base 8) to base 10.
-395
What is -33230 (base 4) in base 6?
-4352
What is 2273 (base 8) in base 3?
1122212
Convert -46 (base 12) to base 2.
-110110
Convert 3 (base 7) to base 15.
3
1054 (base 6) to base 12
18a
What is -362 (base 14) in base 4?
-22202
What is -499 (base 14) in base 15?
-414
244242 (base 5) to base 9
13707
-1800 (base 9) to base 13
-81c
What is 223314 (base 5) in base 16?
1f17
Convert -31010 (base 4) to base 10.
-836
Convert 2225 (base 6) to base 3.
201022
Convert 5054 (base 6) to base 16.
45a
Convert -611 (base 13) to base 5.
-13103
-13d8 (base 15) to base 13
-1c22
-3273 (base 9) to base 10
-2415
Convert 1212440 (base 6) to base 11.
44187
Convert -3 (base 10) to base 15.
-3
Convert 30246 (base 8) to base 7.
51211
What is -2055 (base 6) in base 16?
-1d3
Convert 547c (base 15) to base 16.
45e4
What is 17c (base 13) in base 16?
110
500533 (base 6) to base 15
b8a6
Convert -43d (base 14) to base 9.
-1132
What is cce3 (base 16) in base 6?
1042455
What is 1779 (base 11) in base 10?
2264
101011011 (base 2) to base 6
1335
What is -278 (base 16) in base 7?
-1562
What is 819 (base 10) in base 8?
1463
Convert -2005 (base 6) to base 15.
-1e2
What is -3545 (base 6) in base 8?
-1531
Convert -100101101 (base 2) to base 5.
-2201
5a6 (base 15) to base 11
a65
What is -1593 (base 10) in base 14?
-81b
Convert -1612 (base 7) to base 15.
-2d1
1a579 (base 12) to base 16
97ad
What is 2162 (base 8) in base 9?
1504
What is -13048 (base 11) in base 14?
-6b4a
408 (base 15) to base 5
12113
What is a2 (base 11) in base 14?
80
What is 124444 (base 5) in base 7?
20401
-3e49 (base 15) to base 12
-7880
Convert -1742 (base 13) to base 4.
-311222
2364 (base 8) to base 2
10011110100
73662 (base 8) to base 12
15896
10ecf (base 16) to base 4
100323033
What is 11cc (base 14) in base 16?
c30
Convert -38 (base 12) to base 14.
-32
Convert 279d (base 15) to base 8.
20431
Convert -1178 (base 11) to base 10.
-1537
-7153 (base 13) to base 12
-9054
-11c (base 13) to base 14
-dc
Convert -8665 (base 11) to base 3.
-120200220
1086 (base 11) to base 8
2621
-47b (base 16) to base 9
-1514
-3666 (base 7) to base 8
-2533
-6484 (base 13) to base 16
-368e
Convert 84 (base 11) to base 9.
112
-13524 (base 8) to base 5
-142342
-15053 (base 9) to base 11
-7782
Convert 33774 (base 9) to base 10.
22504
-40412 (base 7) to base 6
-113225
Convert -2110 (base 5) to base 8.
-430
Convert -131 (base 13) to base 5.
-1314
Convert -1000010010 (base 2) to base 15.
-255
What is 102220112 (base 3) in base 11?
6582
What is 8a8b (base 12) in base 9?
23068
3712 (base 11) to base 15
1688
What is -bfa (base 16) in base 15?
-d96
Convert -1110000101 (base 2) to base 8.
-1605
Convert 214 (base 15) to base 10.
469
Convert -704 (base 8) to base 14.
-244
Convert -5 (base 15) to base 3.
-12
Convert -2957 (base 10) to base 12.
-1865
Convert 1030 (base 11) to base 10.
1364
1103 (base 6) to base 15
120
37 (base 10) to base 13
2b
4c0 (base 14) to base 11
796
What is 133 (base 12) in base 13?
111
What is 12220231 (base 4) in base 3?
1101021201
Convert -2454 (base 7) to base 6.
-4133
-4451 (base 7) to base 14
-828
What is 9b2 (base 16) in base 9?
3357
What is -270 (base 9) in base 3?
-22100
Convert -42120 (base 5) to base 4.
-223201
Convert 546 (base 12) to base 14.
3d4
What is 32242 (base 6) in base 14?
1878
14051 (base 7) to base 3
12020002
-21558 (base 12) to base 2
-1010101111010100
Convert 302553 (base 7) to base 8.
144276
What is -5217 (base 11) in base 3?
-100111010
What is -163 (base 15) in base 5?
-2233
What is -66b4 (base 13) in base 14?
-5327
Convert 1020121 (base 3) to base 5.
12112
Convert -41a (base 16) to base 11.
-875
2041110 (base 5) to base 13
12581
Convert -25134 (base 7) to base 14.
-258b
-16b (base 12) to base 11
-197
Convert -11343 (base 5) to base 14.
-448
What is -400 (base 12) in base 4?
-21000
Convert c5a5 (base 13) to base 15.
817e
What is -3769 (base 10) in base 15?
-11b4
Convert -222330 (base 6) to base 15.
-581c
195 (base 10) to base 2
11000011
22342 (base 5) to base 10
1597
Convert -2aa (base 11) to base 9.
-442
198a (base 11) to base 16
9d6
What is -3755 (base 10) in base 14?
-1523
What is 711 (base 9) in base 6?
2401
What is 2565 (base 7) in base 8?
1722
3656 (base 9) to base 10
2724
Convert 61228 (base 10) to base 15.
1321d
Convert 345 (base 8) to base 6.
1021
Convert 12411 (base 5) to base 10.
981
What is -1004 (base 10) in base 16?
-3ec
Convert 1218 (base 11) to base 2.
11000111000
What is -2656 (base 7) in base 8?
-1775
-92bb (base 14) to base 15
-7738
-5442 (base 12) to base 4
-2100302
Convert -2388a (base 13) to base 5.
-4041204
What is 2471 (base 11) in base 14?
1264
Convert 103a3 (base 12) to base 10.
21291
What is -37919 (base 10) in base 13?
-1434b
What is 2a0a (base 14) in base 10?
7458
-40136 (base 7) to base 12
-5728
Convert 24608 (base 9) to base 15.
4d72
Convert 4696 (base 14) to base 9.
17758
What is -1000200 (base 3) in base 2?
-1011101011
308 (base 9) to base 8
373
What is -2e82 (base 16) in base 14?
-44a6
Convert -186 (base 15) to base 5.
-2401
-54a (base 14) to base 13
-626
-81c9 (base 16) to base 5
-2030400
What is -1200200 (base 3) in base 14?
-641
What is 4177 (base 9) in base 11?
2339
What is -204 (base 14) in base 3?
-112200
103430 (base 5) to base 16
e1f
-12041 (base 5) to base 16
-380
Convert a5c (base 15) to base 5.
33322
What is 857 (base 11) in base 7?
3001
Convert -35655 (base 7) to base 11.
-6a51
30a (base 14) to base 10
598
-3102 (base 5) to base 9
-486
-112220021 (base 3) to base 4
-2221231
-14304 (base 5) to base 4
-102310
2